 = o**3 - 2*o**2 + 6*o - 3. Calculate the remainder when x(4) is divided by 11.
9
Suppose 5*m + 7*y - 2*y = 35, -4*m - 2*y = -20. Let h = 6 + m. Calculate the remainder when 15 is divided by h.
6
Suppose 27 = -2*h + 67. Let u = -47 - -86. Calculate the remainder when u is divided by h.
19
Suppose 2*c - 35 = 39. Let m be ((-54)/4 - -2)*-4. Suppose 2*j + 5*s - m = 0, -42 = -0*j - 2*j - 4*s. What is the remainder when c is divided by j?
11
Suppose q = 2*z + 14, -5*q + 4*z + 54 + 34 = 0. Let r = -4 + 6. Suppose 4*t + t - n = 33, 3*t + r*n - 25 = 0. Calculate the remainder when q is divided by t.
6
Let w(u) = -u**2 + 10*u + 4. Suppose -v - 3*v = 0. Suppose -5*j + v*j = -25. Calculate the remainder when j is divided by w(10).
1
Let k(b) = b**2 + b + 17. What is the remainder when 67 is divided by k(0)?
16
Let u(l) = l**2 - l - 1. Let g be u(-1). Calculate the remainder when 40 is divided by ((-3)/((-9)/42))/g.
12
Calculate the remainder when (-90)/(-75)*220/6 is divided by 15.
14
Suppose -2*s = 10, 5*m + s = -s + 15. What is the remainder when 10 is divided by m?
0
Suppose 5*n = 4*a - 5, -2*n - 3*n - 5 = -2*a. Suppose a = 2*v - u - 38, 7*u - 3*u + 19 = v. What is the remainder when 55 is divided by v?
17
Suppose z - 10 + 3 = 3*r, -5*z - 5*r = -95. What is the remainder when 29 is divided by z?
13
Suppose -4*n + 3*m = -34, 5*n - 2*m - m = 41. What is the remainder when 19 is divided by n?
5
Suppose -3*m + t = -56, -3*t + 0 = -3. Let n be -2*(-2)/4*2. What is the remainder when 73/n + (-2)/(-4) is divided by m?
18
Suppose i - 3*i + 23 = 3*q, q - 9 = -2*i. Calculate the remainder when 11 is divided by q.
4
Let d be 5/3 - 1/(-3). Suppose 1 = -d*o + 17. What is the remainder when o is divided by (60/(-9))/4*-3?
3
Let j = 11 - -2. Let t(g) = -g. Let c(x) = -7*x**2 + 3*x + 2. Let p(d) = -c(d) - 4*t(d). What is the remainder when p(-2) is divided by j?
11
Let b(y) = -y - 7. What is the remainder when 19 is divided by b(-10)?
1
Suppose -84 = -2*z - 14. Let t = -1 - -19. Calculate the remainder when z is divided by t.
17
Let z = -7 - -11. Suppose -z*c + 3*g - 4 = 0, -c - 5*g = -0 + 1. Let j(p) = -4*p**3 - p**2 - 2*p - 1. Calculate the remainder when j(c) is divided by 2.
0
Let k(s) = -s**3 - 7*s**2 + 6*s + 1. Let z be k(-8). Let p(b) = 7*b + 8. What is the remainder when p(6) is divided by (z/2)/(1/2)?
16
Let h(x) be the second derivative of -x**3/6 + 13*x**2/2 + x. Let c be (5 - -2) + 3 + -4. Calculate the remainder when 19 is divided by h(c).
5
Let z = 14 - 74. Let q = -14 - z. What is the remainder when q is divided by 24?
22
Let f(i) = i**2 - i. Let q be f(1). Let o be 10/((q - 2)/(-1)). Suppose 4*h = y + 148, -o*h + 4*y = 6*y - 185. What is the remainder when h is divided by 19?
18
Let f = 23 + -1. What is the remainder when 38 is divided by f?
16
Let s = 9 - -13. Suppose s = 10*k - 8*k. What is the remainder when 19 is divided by k?
8
Let u(r) be the second derivative of r**4/12 + r**3/3 + 2*r**2 + 2*r. What is the remainder when u(-6) is divided by 10?
8
Suppose 45*r = 9*r + 720. Let w(z) = -z**3 + 3*z + 3. Calculate the remainder when w(-4) is divided by r.
15
Let n(y) = y**2 + 5*y - 2. Let g be n(-6). Let p = -12 - -10. Let v = g - p. Calculate the remainder when 17 is divided by v.
5
Suppose 0 = 32*r - 27*r - 125. What is the remainder when 33 is divided by r?
8
Suppose 17 = 2*w + o, -3*w + 31 = -4*o - 0*o. What is the remainder when 22 is divided by w?
4
Suppose -2*h + 3*t - 4 = 0, t - 10 = -3*h + 8*h. Let p(d) = 3*d**2 - 1. Calculate the remainder when 21 is divided by p(h).
10
What is the remainder when 9 is divided by ((-5)/3)/(3/(-9))?
4
Let o be ((-26)/(-6))/((-2)/6). Let w = -8 - o. Suppose -2*d + 2*y = -14, -3*y = -2 + 14. Calculate the remainder when w is divided by d.
2
Let b(a) = a**2 + 19. Suppose -r + i + i = 7, -3*r + 2*i = 1. Suppose -4*z = -4*y + 4, -3*y = 2*z + r*z + 5. Calculate the remainder when b(y) is divided by 11.
8
Suppose 10 = 3*w + 4. Suppose -5*x = 2*t - 8, -3*t + 23 = -0*t + w*x. What is the remainder when 15 is divided by t?
6
Let l = 4 + -1. Suppose 0 = l*o - o - 62. What is the remainder when o is divided by 11?
9
Suppose 4*c - 12 = 0, z + 4*c = -2*z + 165. Calculate the remainder when z is divided by 27.
24
Calculate the remainder when 1188/176*(-8)/(-6) is divided by 2.
1
Let a be 1/(3/87*1). Suppose 2*j - 3*q = 4*j - a, 0 = q - 3. Calculate the remainder when 18 is divided by j.
8
Let o be 2*(-1)/(-4)*-2. Let w(v) = 4*v**2 + v. Let m be w(o). Calculate the remainder when 58 is divided by 30/((-9)/6 + m).
18
Calculate the remainder when 170 is divided by (-5)/60*3 + (-351)/(-12).
25
Suppose -z + 6 = 2*z. Suppose -c = 2*x - 40, -5*x + 72 + 46 = -z*c. Let k(g) = g**2 + 12. What is the remainder when x is divided by k(0)?
10
Let z = -19 + 29. Suppose -61 = -2*m - 19. What is the remainder when (z/(-1))/((-7)/28) is divided by m?
19
Let z = -9 + 14. Suppose -z*p = -100 - 0. Suppose -p = 5*x - 180. What is the remainder when x is divided by 17?
15
Let r = 11 + -6. Calculate the remainder when 32 is divided by r.
2
Suppose -d = -20 + 5. Suppose -2*b = -7 - 1. What is the remainder when d is divided by b?
3
Suppose -i + 0 = 3*x - 4, 2*i = -4*x + 18. Let y(u) = -u + 94. What is the remainder when y(19) is divided by i?
18
Let j(c) = -c + 19. Suppose 0*w - 3*w - 19 = s, -5*s + 65 = -5*w. Let x(g) = -g**3 - 8*g**2. Let t be x(w). What is the remainder when 36 is divided by j(t)?
17
Let o = 80 + -65. What is the remainder when o is divided by 3?
0
Let x be -3 + -1 + 1 + 0. Calculate the remainder when 40 is divided by (1 + 34)*x/(-5).
19
Let f = -17 - -15. What is the remainder when 23 is divided by f/(-13) + 154/13?
11
Let w(p) = p + 7. Let z be w(-3). Suppose -5*s + 6*s = -5*c + 63, 0 = z*c - s - 54. What is the remainder when 50 is divided by c?
11
Suppose 14 = 3*p + 2. Let m(l) = -8*l**2 - 1. Let j be m(-1). What is the remainder when (-66)/p*12/j is divided by 12?
10
Let j(z) = -5*z - 10. Let s be j(-8). Let h = s - 20. Calculate the remainder when h is divided by 4.
2
Suppose 10 - 65 = -5*z. Let r(n) = -z*n + 5 - 5 + 1. What is the remainder when r(-1) is divided by 7?
5
Let d(t) = -2*t**3 - 2*t**2 - 2*t - 1. Calculate the remainder when -3*((-38)/3 + 2) is divided by d(-2).
10
Suppose 0 = -k + 4*k - 198. What is the remainder when k is divided by 17?
15
Let h(b) = -b**3 - 6*b**2 + 6*b - 3. Let f be h(-7). Suppose -4*n = f*k - 64, 3*n + 5*k = 7 + 41. What is the remainder when n is divided by (-1 + 0)*-1 - -5?
4
What is the remainder when 31 + -5 + (-1 - -1) is divided by 4?
2
What is the remainder when 10 - ((-3)/(-9))/(1/(-9)) is divided by 5?
3
Let x = 5 + -1. What is the remainder when 13 is divided by x?
1
Suppose -6*j + 163 = 7. What is the remainder when 125 is divided by j?
21
Suppose -2*z + 0*z = -14. Suppose 3*v - z = 5*l, 0 = v - 3*l + l - 3. Let o = 2 + v. What is the remainder when o is divided by 1?
0
Let h = 145 - 102. Suppose 3*l - 2*u + 34 = 0, -h = l - 5*u - 10. Let t(a) = -a**3 - 9*a**2 - 9*a - 6. What is the remainder when 7 is divided by t(l)?
1
Let x(p) = p + 3*p**2 + 10 - 2*p**2 + 0*p. Let q = -4 - -4. Calculate the remainder when x(q) is divided by 4.
2
Let c be ((-2)/4)/((-2)/284). Suppose -c = -2*o + 99. Suppose -8*v + o = -3*v. What is the remainder when 32 is divided by v?
15
Let i(f) = -5*f**2 - 2*f - 3. Let s(j) = 4*j**2 + j + 3. Let v(u) = -5*i(u) - 6*s(u). Let p(n) = -17*n. Calculate the remainder when p(-1) is divided by v(2).
8
Suppose 2*y = -2 + 6. Suppose o + 3 = y*u - 14, 3*u - 25 = o. What is the remainder when 2*(-1)/((-4)/30) is divided by u?
7
What is the remainder when 20 is divided by (-36)/(-2) - (-6)/(-6)*3?
5
Let z(l) = 2 - 5*l**2 + 4*l + 4 + l**3 - 2*l**3. What is the remainder when (-15129)/(-287) + 2/7 is divided by z(-6)?
17
Suppose 0 = 3*o + 14 - 53. What is the remainder when 50 is divided by o?
11
Suppose 4*n - 5 + 9 = 0. Suppose -5*k - 48 = 4*i, 0 = -0*k - 2*k + 8. Let v = n - i. Calculate the remainder when 30 is divided by v.
14
Suppose -n - 3*n = 0, -j + 4*n + 10 = 0. What is the remainder when 2 - (3 - 14) - -4 is divided by j?
7
Suppose 2*c = -c + 6. Suppose c*f - 6 = -2. Suppose -3*j = s - 155, f*s + 210 = 2*j + 2*j. What is the remainder when j is divided 